7*m**3 + m**2 + 2*m + 2. Calculate r(-1).
8
Let f(v) = -6*v - 15. Determine f(-4).
9
Let w(l) = -l**3 - 6*l**2 + 7*l + 2. Give w(-7).
2
Let o(d) = 6*d**2 - 59*d + 43. Calculate o(9).
-2
Let c(r) = -r**3 - 14*r**2 - 10*r + 32. Give c(-13).
-7
Let r(p) = -18*p - 95. What is r(-5)?
-5
Let k(r) = -r**3 + 9*r**2 - 8*r - 1. Give k(8).
-1
Let h(m) = m**3 - 2*m**2 + m + 3. Calculate h(2).
5
Let x(c) = 5*c. What is x(-1)?
-5
Let q(a) = a**2 - 8*a + 6. Determine q(10).
26
Let c(d) = 2*d + 20. What is c(0)?
20
Let y(i) = 3*i**2 - 3*i + 1. Give y(2).
7
Let h(u) = -u**2 + 9*u + 15. What is h(11)?
-7
Let i(y) = -y - 14. Determine i(-25).
11
Let m(y) = -y**3 - 12*y**2 - 11*y - 8. Determine m(-11).
-8
Let k(m) = -18*m - 3. Determine k(-1).
15
Let q(g) = -17*g**3 + 6*g**2 - g - 3. What is q(1)?
-15
Let w(m) = -m**3 + 12*m**2 - 14*m - 23. Calculate w(11).
-56
Let n(o) = -o**3 + 3*o**2 - 4*o - 1. What is n(3)?
-13
Let y(o) = -3*o + 30. What is y(12)?
-6
Let m(u) = -5*u**2 + 23*u + 17. Determine m(5).
7
Let m(r) = -2*r**2 + 5*r + 4. Give m(5).
-21
Let z(i) = -3*i**2 - 28*i + 4. Calculate z(-11).
-51
Let j(p) = 3*p**2 + 6*p + 1. Determine j(-3).
10
Let y(a) = a + 12. What is y(-4)?
8
Let t(y) = -y**2 - 2*y - 25. Give t(0).
-25
Let w(k) = -k**3 + 11*k**2 + 16*k - 31. Calculate w(12).
17
Let v(m) = m**3 - 3*m**2 - 3*m - 6. Give v(5).
29
Let s(j) = -j**2 - 10*j + 10. What is s(-10)?
10
Let b(t) = -t**2 + 4*t. Give b(5).
-5
Let f(t) = -15*t**3. Calculate f(-1).
15
Let f(j) = 10*j - 134. Give f(13).
-4
Let p(c) = -c**3 - 6*c**2 + c. Give p(-6).
-6
Let j(v) = 2*v**2 - 10*v + 25. Determine j(10).
125
Let y(o) = -o**3 + 8*o**2 - 6*o - 2. Give y(7).
5
Let f(z) = -z - 18. What is f(-8)?
-10
Let t(k) = -k**2 + 7*k + 15. Determine t(8).
7
Let h(b) = -b**3 - 14*b**2 + 14*b - 9. Calculate h(-15).
6
Let c(v) = -v**3 - 4*v**2 + 13*v. What is c(-6)?
-6
Let w(m) = 51*m + 37. Determine w(-1).
-14
Let t(c) = 14*c - 4. Give t(-3).
-46
Let v(u) = 3*u**2 - u - 96. Calculate v(6).
6
Let w(m) = -2*m + 10. Give w(5).
0
Let a(d) = -d - 16. Calculate a(-7).
-9
Let y(a) = a**2 + 19*a + 48. What is y(-22)?
114
Let g(o) = -o - 6. What is g(-6)?
0
Let z(u) = -2*u**2 + 58*u - 55. Determine z(28).
1
Let o(d) = -d**3 + 78*d**2 - 77*d - 3. Give o(77).
-3
Let i(q) = q**3 - 5*q**2 + q + 2. Determine i(5).
7
Let a(d) = 19*d - 36. Determine a(8).
116
Let h(w) = -w**3 + 8*w**2 + 11*w - 6. Give h(9).
12
Let i(w) = w**3 - 10*w**2 - 14. Calculate i(10).
-14
Let c(h) = 3*h**2 - 2*h - 2. Calculate c(-1).
3
Let k(s) = -s**2 + 18*s - 24. Give k(14).
32
Let o(t) = t**3 + 7*t**2 - 22*t + 13. Determine o(-10).
-67
Let c(h) = -3*h - 31. What is c(-2)?
-25
Let q(i) = -i**2 - 21*i - 84. Calculate q(-15).
6
Let q(c) = 20*c - 140. What is q(7)?
0
Let h(q) = -2*q**2 - 19*q. Determine h(-9).
9
Let f(s) = s**3 - s**2 - 11*s + 3. What is f(4)?
7
Let v(c) = -c**2 - 23*c + 106. Calculate v(-27).
-2
Let r(g) = g**2 - 15*g - 87. Calculate r(20).
13
Let l(x) = x**3 + 7*x**2 - 16*x - 2. Calculate l(-9).
-20
Let m(o) = o**3 + 14*o**2 - 19*o - 18. Give m(-15).
42
Let m(c) = c + 7. What is m(0)?
7
Let z(x) = -x**3 + x**2 - 3*x + 7. What is z(2)?
-3
Let x(n) = 10*n - 33. Give x(4).
7
Let p(y) = 4*y - 40. Calculate p(10).
0
Let d(l) = -l**3 + 9*l**2 - 7*l - 6. Determine d(7).
43
Let v(n) = 39*n + 15. What is v(-2)?
-63
Let f(v) = v**2 + 11*v + 6. Calculate f(-11).
6
Let c(m) = m**2 + 5*m - 16. Calculate c(-7).
-2
Let k(o) = -o**3 - 7*o**2 - 7*o + 5. Calculate k(-5).
-10
Let a(r) = r**2 - 8*r + 5. Determine a(6).
-7
Let a(c) = c**3 + 5*c**2 + 5*c + 8. What is a(-3)?
11
Let o(j) = j**2 + 16*j + 44. What is o(-13)?
5
Let l(b) = -b - 16. Determine l(-6).
-10
Let h(s) = 3*s**3 + s**2 - 3*s + 3. What is h(2)?
25
Let v(r) = -9*r + 124. What is v(14)?
-2
Let j(t) = 2*t + 44. Give j(-18).
8
Let c(m) = -5*m + 1. Determine c(-4).
21
Let j(w) = -11*w + 20. What is j(3)?
-13
Let g(n) = n**2 + 21*n - 31. Give g(-23).
15
Let x(o) = -o**3 + 47*o**2 + 96*o + 95. Give x(49).
-3
Let f(a) = 13*a + 2. Calculate f(-1).
-11
Let r(y) = -5*y + 40. What is r(9)?
-5
Let q(m) = -18*m**2 - m - 2. Give q(-2).
-72
Let l(k) = -k**2 - 3*k + 3. Determine l(-6).
-15
Let n(j) = 18*j**2 - 6*j + 4. Calculate n(1).
16
Let u(s) = -s**3 + 5*s**2 + 9*s - 7. What is u(6)?
11
Let q(b) = b**3 - 9*b**2 + 2*b - 8. Give q(9).
10
Let r(k) = -k**2 - 9*k - 2. Calculate r(-8).
6
Let r(o) = -o**2 + 7*o + 3. Give r(8).
-5
Let b(j) = 18*j - 2. Determine b(1).
16
Let j(p) = p**3 + 13*p**2 - 16*p - 38. Give j(-14).
-10
Let g(d) = 25*d - 10. Calculate g(-3).
-85
Let b(f) = -f**3 - 11*f**2 + 47. Calculate b(-11).
47
Let n(i) = i**2 + i - 11. Calculate n(3).
1
Let s(j) = 4*j**2 - 3*j - 1. Calculate s(3).
26
Let z(u) = -2*u**3 + 22*u**2 - 9*u + 87. Give z(11).
-12
Let w(v) = v**3 - 6*v**2 + 2*v - 2. Determine w(6).
10
Let l(p) = 103*p + 820. Calculate l(-8).
-4
Let h(w) = -2*w**3 - w**2 - 10*w + 10. Give h(1).
-3
Let m(n) = n**2 + 10*n + 6. What is m(-9)?
-3
Let j(l) = -15*l + 15. Calculate j(-5).
90
Let f(p) = -3*p**2 + 35*p + 17. What is f(12)?
5
Let p(t) = -t**3 - 8*t**2 - 2*t - 8. Give p(-7).
-43
Let v(o) = o**3 + 7*o**2 + 7*o - 3. Determine v(-6).
-9
Let p(l) = l**3 - 18*l**2 - 41*l + 18. Calculate p(20).
-2
Let i(g) = 17*g - 5. What is i(-5)?
-90
Let b(g) = 17*g - 135. What is b(7)?
-16
Let w(o) = o**2 + 10*o - 5. What is w(5)?
70
Let l(f) = f + 3. Give l(-4).
-1
Let a(b) = 14*b**3 - b**2 + b - 1. What is a(1)?
13
Let c(f) = 6*f + 3. Determine c(-5).
-27
Let q(u) = -3*u**2 + 1. Give q(-2).
-11
Let y(n) = -n + 20. Determine y(30).
-10
Let d(g) = -g**3 - 5*g**2 + 5*g + 8. Determine d(-6).
14
Let m(o) = -o**2 - 10*o + 7. Calculate m(-11).
-4
Let q(d) = -17*d + 293. Give q(17).
4
Let c(q) = -5*q - 6. Give c(-4).
14
Let c(o) = -2*o + 18. What is c(9)?
0
Let s(u) = -u - 29. Calculate s(11).
-40
Let r(u) = 2*u**2 - 34*u - 36. Determine r(18).
0
Let h(s) = -s**2 + 3. Determine h(3).
-6
Let q(g) = g**2 - 13*g + 19. Give q(10).
-11
Let r(g) = g**3 - 14*g**2 + 22*g + 3. Give r(12).
-21
Let q(u) = -48*u + 5. Determine q(5).
-235
Let a(s) = -s**3 + 5*s**2 + 6*s - 6. Calculate a(6).
-6
Let g(q) = -q**3 + 5*q**2 + 6*q + 8. Give g(6).
8
Let x(h) = 2*h**2 - 5*h + 5. Give x(1).
2
Let s(q) = q**3 + q - 3. Calculate s(0).
-3
Let l(p) = -25*p + 1792. Give l(72).
-8
Let n(z) = 8*z - 90. Give n(12).
6
Let z(w) = 2*w**2 + 19*w + 52. Give z(-7).
17
Let v(y) = 3*y + 5. What is v(-11)?
-28
Let i(g) = -2*g**2 - 13*g - 6. Calculate i(-7).
-13
Let x(j) = 3*j + 3. Determine x(-2).
-3
Let a(i) = 21*i - 43. Give a(2).
-1
Let z(w) = w + 46. What is z(-27)?
19
Let a(g) = g**3 + 4*g**2 + 5*g + 4. What is a(-2)?
2
Let g(u) = u**3 - 4*u**2 - 12*u - 5. Calculate g(6).
-5
Let v(m) = -9*m - 57. What is v(-7)?
6
Let n(j) = 2*j**2 - 11*j + 16. Determine n(3).
1
Let m(j) = -3*j**2 + 11*j + 5. Calculate m(4).
1
Let r(c) = c**3 - 11*c**2 + 10*c + 6. Determine r(10).
6
Let u(l) = -178*l + 2319. Give u(13).
5
Let q(w) = w + 1. Calculate q(3).
4
Let r(i) = -11*i - 38. Give r(-3).
-5
Let y(p) = -16*p + 1. Calculate y(-1).
17
Let g(x) = 25*x - 121. What is g(5)?
4
Let w(q) = 2*q**2 + 21*q + 46. Calculate w(-4).
-6
Let y(f) = 2*f**3 + 6*f**2 + f - 3. Determine y(-4).
-39
Let p(m) = -4*m - 11. Calculate p(1).
-15
Let n(d) = -11*d - 3. Give n(2).
-25
Let f(g) = -2*g + 27. Calculate f(14).
-1
Let d(b) = 2*b**2 - 8*b + 7. Give d(6).
31
Let c(b) = 11*b - 50. Give c(4).
-6
Let u(c) = 4*c + 1. What is u(-9)?
-35
Let z(o) = -o**3 + 7*o**2 + o - 10. Calculate z(7).
-3
Let m(h) = 6*h + 7. Give m(9).
61
Let h(q) = 6*q**3 - 2*q - 1. Determine h(-1).
-5
Let u(w) = -109*w**3 + w**2 + w - 2. Calculate u(1).
-109
Let p(u) = -u**2 - 5*u + 18. Give p(-6).
12
Let u(c) = c**2 - 23*c + 24. Determine u(22).
2
Let w(g) = g**2 + 10*g + 27. Determine w(-6).
3
Let h(b) = b**3 + 8*b**2 + 6*b + 2. Determine h(-6).
38
Let a(p) = -19*p - 458. What is a(-24)?
-2
Let s(z) = -z**2 + 22*z + 26. Calculate s(23).
3
Let a(x) = -x**3 - 3*x - 4. What is a(-1)?
0
Let m(l) = 5*l - 108. Calculate m(23).
7
Let m(z) = -z**3 + 8*z**2 - 4*z - 3. Calculate m(7).
18
Let w(x) = -3*x**3 + 4*x**2 + 2*x - 2. Give w(3).
-41
Let s(i) = 25*i + 220. What is s(-10)?
-30
Let i(k) = -10*k**2 + 1. What is i(1)?
-9
Let i(j) = j**2 - 6*j + 4. What is i(5)?
-1
Let f(a) = a**3 + 20*a**2 + 19*a - 